+ f. Suppose -k*d = d + u - 183, 0 = -d + u + 33. Calculate the remainder when d is divided by 19.
17
Let w(n) = -n**2 - 6*n - 4. Let x be w(-3). Let r(z) = -z**3 + 5*z**2 + z. Let j be r(x). Let p = 13 - j. What is the remainder when 31 is divided by p?
7
Let i = -3 + 10. Calculate the remainder when i is divided by 2.
1
Suppose -12 = 2*h + 5*l, 5*l = 4*h - 0*l - 36. Suppose 21 - 51 = -3*u. What is the remainder when u is divided by h?
2
Suppose l - 5*l + 2*d = -74, 2*d + 94 = 5*l. What is the remainder when l is divided by 1 - (2 - 2) - -6?
6
Let v = 6 + 4. What is the remainder when 29 is divided by v?
9
Let a = 166 - 41. Calculate the remainder when a is divided by 42.
41
Let i(t) = 5*t - 1. Let m be i(2). Let p(r) = 14*r**3. What is the remainder when p(1) is divided by 2/m - (-70)/9?
6
Suppose l = 3*p - 137, 0*p + 3*p = -l + 139. What is the remainder when p is divided by 16?
14
Let b = -3 - -4. Let w(y) = 2*y**2 - 3. Let h be w(-3). Suppose -b = 2*m - h. What is the remainder when 12 is divided by m?
5
Suppose 2*q - 3*r = 91, 2*r + 139 = -5*q + 395. What is the remainder when 98 is divided by q?
48
Suppose -p - 1107 = -10*p. What is the remainder when p is divided by 32?
27
Suppose v + 4*q - 1 = 4, v + 5*q = 6. Let d = 7 + -5. Calculate the remainder when d is divided by v.
0
Let c = -34 + 283. What is the remainder when c is divided by 14?
11
Calculate the remainder when 38 is divided by (-3)/2*(-504)/54.
10
What is the remainder when (0 + -1)*(11 - 28) is divided by 4?
1
Let u = 91 - 33. What is the remainder when u is divided by 1 - -18 - 1*3/(-3)?
18
Let n(l) = -l**3 - 7*l**2 - 2*l + 4. Let q be (-4)/6 + 95/(-15). Calculate the remainder when 35 is divided by n(q).
17
Suppose 2*c + 12 = 2*y, -2*c - 14 - 2 = -4*y. Let p(a) = a**2 + 7*a + 6. Let j be p(-6). Calculate the remainder when 26 is divided by (17 - 1) + (j - y).
12
Let f(v) = -2*v + 16. Let a(r) = r**3 - 2*r**2 - 4*r + 2. Calculate the remainder when f(-9) is divided by a(4).
16
Let u = 20 - 16. Let h = -5 + 8. Calculate the remainder when u is divided by h.
1
Let v be (2 + 0)/(2/(-100)). Let h = v - -151. What is the remainder when h is divided by 18?
15
Let b = 142 - -3. Suppose 0 = -4*k - k + b. Suppose 2*p + k = 3*a - 0*p, 4*a + p = 24. Calculate the remainder when 12 is divided by a.
5
Suppose 11 = -3*t + 20. Calculate the remainder when 60 is divided by t.
0
What is the remainder when ((-1)/3)/((1/(-114))/1) is divided by 8?
6
Calculate the remainder when 114 is divided by ((-4)/(-8))/(1/26).
10
Suppose -2*k = -4 + 8. Suppose n + 4*w = 281, 3*n = -n - w + 1154. What is the remainder when k/7 + n/7 is divided by 14?
13
Suppose 2*i = -2 + 18. What is the remainder when 29 is divided by i?
5
Suppose -87*l + 24 = -85*l. What is the remainder when 31 is divided by l?
7
Suppose -132 = -5*v + v. Suppose -4*x = -3*j - v - 32, 2*j = -5*x + 64. Calculate the remainder when 39 is divided by x.
11
Suppose 5*s - 793 = -223. Let o = s + -72. Let c = 67 + -45. What is the remainder when o is divided by c?
20
Let t = -4 + 7. Suppose -t*v + 30 = -0*v. Let u = -22 + 51. Calculate the remainder when u is divided by v.
9
Suppose 5*z + c = 219, -5*z + 79 + 120 = -4*c. Calculate the remainder when z is divided by 24.
19
What is the remainder when (6/8*2)/((-3)/(-160)) is divided by 27?
26
Suppose 0*v = 3*v + 9. Let u = v + 8. Suppose u*w - 47 = 13. Calculate the remainder when 22 is divided by w.
10
Suppose 3*y - 325 = -2*y. Let l = y - 41. Calculate the remainder when l is divided by 9.
6
Let g = -1 + 3. Suppose -g*z + 18 = 4*k, k - 5 = -k + 3*z. Suppose k*j - 115 = -j. What is the remainder when j is divided by 8?
7
Let j(k) = -k**3 - 10*k**2 - 15*k - 30. Calculate the remainder when 66 is divided by j(-9).
18
Let c(b) = b**3 + 8*b**2 - 3*b + 7. Let p(y) = y**3 + 5*y**2 + 3*y + 7. Let g be p(-5). What is the remainder when c(g) is divided by 16?
15
Suppose s = 3*s + 6. Let r(k) = -k**3 - k**2 + 3*k + 3. Let j be r(s). Let g = j + 1. Calculate the remainder when 25 is divided by g.
12
Let r(u) = u**2 + 6*u - 4. Let t = 9 - 4. Let x = 12 - t. Calculate the remainder when r(-8) is divided by x.
5
Suppose 2*d + 3*h - 5 = 6*d, -2*d - 4*h = -14. Suppose -2*t + 5 = -d. Suppose 0*r + t*r - 63 = 0. Calculate the remainder when 62 is divided by r.
20
Let s(h) = -h. Calculate the remainder when s(-5) is divided by 2.
1
Let g be 12/(-54) + (-320)/18. Let o = -5 - g. Calculate the remainder when 24 is divided by o.
11
Suppose 0*m + i + 228 = 2*m, 5*m - 3*i - 569 = 0. What is the remainder when m is divided by 20?
15
Let b be -38 - (-2 - (-3 - -3)). What is the remainder when 11 is divided by (b/(-3))/4 - -1?
3
Suppose -164 = -3*y - y. Suppose 5*z - 7 - 3 = 0. Suppose z*u - y = u. What is the remainder when u is divided by 21?
20
Suppose 6*t - 3*t - 60 = 0. Suppose y + t = 3*y. Suppose -81 = -4*a - 5*c, -a + c - 5*c + 23 = 0. What is the remainder when a is divided by y?
9
Let h(u) = 2*u + 3. Let o = 7 - -3. Let w = 108 - 64. Calculate the remainder when w is divided by h(o).
21
Suppose -90 - 234 = -9*s. Calculate the remainder when s is divided by 20.
16
Let p(c) = -c**3 + c**2 + c - 5. Let u be p(0). Let g(d) = -d**3 - 4*d**2 + 5*d + 5. Let q = 12 + -3. What is the remainder when q is divided by g(u)?
4
Let v(q) be the second derivative of -2*q**3 - q**2 - 3*q. Let z = -1 + -1. What is the remainder when v(z) is divided by 8?
6
Suppose 0 = 2*l - 10 - 14. Calculate the remainder when -5*(-1)/((-10)/(-94)) is divided by l.
11
Suppose -5*y + j + 218 = 2*j, 2*j = 4*y - 166. Calculate the remainder when y is divided by 15.
13
Suppose -3*l + 6*l = 12. Let q = 0 + l. Let u(s) = s**3 - 6*s**2 + 6*s + 2. Calculate the remainder when u(5) is divided by q.
3
Suppose -5*d = 2*p - 3 - 2, d = -3*p - 12. Suppose -2*i + 2*m - 18 = 0, -5*i - 37 = d*m + 8. What is the remainder when 3/(i/(-111))*1 is divided by 13?
11
Let c(i) = i + 6. Calculate the remainder when 2 is divided by c(-4).
0
Let n(c) = -c**2 + 9*c + 13. What is the remainder when (2/(-4))/(1/(-74)) is divided by n(9)?
11
Let g = 23 + -13. Let k(h) = -h**2 + 13*h - 9. What is the remainder when 40 is divided by k(g)?
19
Let p be (-4)/(0 + 2) + 27. Let b = -13 + p. What is the remainder when (-4)/(-10) + (-216)/(-10) is divided by b?
10
Suppose h + 822 = 5*m, -h = -1 - 2. Let a = 306 - m. Suppose a = 2*j + 47. Calculate the remainder when j is divided by 16.
15
Suppose 2*m = 2*t + t + 84, -4*t = 3*m - 109. Calculate the remainder when m is divided by 12.
3
Let r be (0*(-3)/(-12))/2. Suppose r*p - p - 2*z + 13 = 0, -74 = -5*p - z. What is the remainder when p is divided by 4?
3
Suppose 2*l = 7*l - 25. Suppose 0 = l*h - 21 - 44. Calculate the remainder when h is divided by 7.
6
Let q = -50 + 32. Let n = q - -30. Calculate the remainder when 46 is divided by n.
10
Let r = 150 - 112. What is the remainder when 112 is divided by r?
36
Suppose 0 = -5*b - 7 + 32. Calculate the remainder when 2 + -1 - 0 - -8 is divided by b.
4
Let j(s) = 22*s - 7. Suppose 0 = 2*t - 6 - 24. What is the remainder when j(3) is divided by t?
14
Suppose -2*y + 17 + 17 = 0. What is the remainder when y is divided by (-14)/(-2 - 0) - 2?
2
Let f = -18 - -79. Suppose 0 = -h - 3 - 0, 4*n = h + 87. What is the remainder when f is divided by n?
19
Suppose 3*s + 2*g - 17 = 0, -3*s = -0*g - 2*g - 25. Let y = 7 - s. Suppose y = r - 24 - 17. Calculate the remainder when r is divided by 14.
13
Suppose 36 = 10*w - 7*w. What is the remainder when 95 is divided by w?
11
What is the remainder when (-204)/(-10) - (28/10)/7 is divided by 13?
7
Let o = -38 - -18. Let y = o - -25. What is the remainder when 14 is divided by y?
4
Let q be 7/5 + 22/(-55). Let c = q - -7. Calculate the remainder when 13 is divided by c.
5
Suppose w + 4*a = -w - 6, -w = a. Suppose 5*t = b + 4 + 4, -t + 2*b = -7. Calculate the remainder when w is divided by t.
0
Let n = 72 - 51. Calculate the remainder when 209 is divided by n.
20
Let o = -4 + 6. What is the remainder when (-136)/(-24) - 2/3 is divided by o?
1
Let b be 3/(-9) + 4/3. Let i(l) = 13*l**2 + 2*l - 1. What is the remainder when 25 is divided by i(b)?
11
Let k be (-3 + 4 + -6)*-1. Suppose -22 = -z - k. Calculate the remainder when z is divided by 9.
8
Let t = -1